igit of 820968?
9
What is the thousands digit of 4982?
4
What is the millions digit of 1978791?
1
What is the ten thousands digit of 616037?
1
What is the units digit of 370698?
8
What is the millions digit of 5032080?
5
What is the ten thousands digit of 206878?
0
What is the tens digit of 11840?
4
What is the ten thousands digit of 120811?
2
What is the tens digit of 735573?
7
What is the ten thousands digit of 140449?
4
What is the ten thousands digit of 1622441?
2
What is the tens digit of 1092024?
2
What is the tens digit of 5094004?
0
What is the units digit of 31199291?
1
What is the units digit of 988889?
9
What is the ten thousands digit of 123873?
2
What is the thousands digit of 11813697?
3
What is the hundred thousands digit of 37317155?
3
What is the ten thousands digit of 574905?
7
What is the hundred thousands digit of 1081401?
0
What is the units digit of 1268409?
9
What is the thousands digit of 984795?
4
What is the ten thousands digit of 348976?
4
What is the ten thousands digit of 1750655?
5
What is the hundred thousands digit of 1185523?
1
What is the thousands digit of 5733273?
3
What is the units digit of 470100?
0
What is the hundred thousands digit of 596926?
5
What is the ten thousands digit of 305223?
0
What is the hundreds digit of 1982673?
6
What is the hundred thousands digit of 2026674?
0
What is the ten thousands digit of 352219?
5
What is the hundred thousands digit of 464118?
4
What is the hundred thousands digit of 1151237?
1
What is the hundreds digit of 4845185?
1
What is the tens digit of 382522?
2
What is the hundreds digit of 148196?
1
What is the thousands digit of 3192684?
2
What is the units digit of 285579?
9
What is the units digit of 1362371?
1
What is the ten thousands digit of 3355117?
5
What is the hundred thousands digit of 4742644?
7
What is the tens digit of 29848?
4
What is the thousands digit of 1054579?
4
What is the hundred thousands digit of 9204636?
2
What is the tens digit of 9034666?
6
What is the ten thousands digit of 551077?
5
What is the thousands digit of 391826?
1
What is the ten millions digit of 35942983?
3
What is the tens digit of 246148?
4
What is the units digit of 772557?
7
What is the tens digit of 11600791?
9
What is the units digit of 472704?
4
What is the units digit of 3293297?
7
What is the hundreds digit of 2194808?
8
What is the tens digit of 161551?
5
What is the hundreds digit of 2221497?
4
What is the hundred thousands digit of 684337?
6
What is the hundred thousands digit of 497815?
4
What is the hundred thousands digit of 227290?
2
What is the hundred thousands digit of 590129?
5
What is the millions digit of 1716753?
1
What is the hundreds digit of 140001?
0
What is the hundreds digit of 29486807?
8
What is the tens digit of 4910238?
3
What is the thousands digit of 5540520?
0
What is the hundreds digit of 81224?
2
What is the hundreds digit of 1646459?
4
What is the thousands digit of 152450?
2
What is the hundreds digit of 501627?
6
What is the millions digit of 3404403?
3
What is the tens digit of 967578?
7
What is the units digit of 2075930?
0
What is the hundred thousands digit of 699393?
6
What is the millions digit of 3769980?
3
What is the millions digit of 1222491?
1
What is the hundred thousands digit of 487484?
4
What is the thousands digit of 3810556?
0
What is the hundred thousands digit of 9335961?
3
What is the tens digit of 8477593?
9
What is the units digit of 10061938?
8
What is the hundred thousands digit of 455337?
4
What is the ten thousands digit of 536959?
3
What is the ten thousands digit of 469199?
6
What is the hundred thousands digit of 1700032?
7
What is the thousands digit of 15554305?
4
What is the ten millions digit of 15901492?
1
What is the hundreds digit of 8107038?
0
What is the thousands digit of 1163043?
3
What is the tens digit of 4995343?
4
What is the ten thousands digit of 1935726?
3
What is the units digit of 430042?
2
What is the thousands digit of 1245675?
5
What is the thousands digit of 4229819?
9
What is the ten thousands digit of 363116?
6
What is the ten thousands digit of 525160?
2
What is the hundreds digit of 4153790?
7
What is the millions digit of 5768833?
5
What is the tens digit of 5615826?
2
What is the thousands digit of 5076972?
6
What is the units digit of 177315?
5
What is the millions digit of 14641742?
4
What is the hundreds digit of 12371550?
5
What is the units digit of 1505499?
9
What is the units digit of 224826?
6
What is the millions digit of 1066625?
1
What is the ten thousands digit of 6729357?
2
What is the units digit of 1029961?
1
What is the ten millions digit of 12209098?
1
What is the hundreds digit of 13103173?
1
What is the tens digit of 533070?
7
What is the units digit of 12811789?
9
What is the hundred thousands digit of 23588101?
5
What is the ten thousands digit of 3282407?
8
What is the units digit of 3093325?
5
What is the hundred thousands digit of 943789?
9
What is the tens digit of 586466?
6
What is the thousands digit of 13524?
3
What is the thousands digit of 296550?
6
What is the hundred thousands digit of 1063219?
0
What is the ten thousands digit of 909954?
0
What is the ten thousands digit of 83063?
8
What is the hundred thousands digit of 2768206?
7
What is the thousands digit of 2634296?
4
What is the ten thousands digit of 521414?
2
What is the thousands digit of 270546?
0
What is the hundred thousands digit of 199463?
1
What is the millions digit of 1141040?
1
What is the units digit of 394473?
3
What is the hundreds digit of 989711?
7
What is the hundred thousands digit of 112302?
1
What is the ten thousands digit of 5408670?
0
What is the tens digit of 333678?
7
What is the tens digit of 156952?
5
What is the hundreds digit of 4046625?
6
What is the hundred thousands digit of 571088?
5
What is the hundreds digit of 92134?
1
What is the thousands digit of 170224?
0
What is the units digit of 638605?
5
What is the hundred thousands digit of 16955285?
9
What is the hundred thousands digit of 406725?
4
What is the thousands digit of 345447?
5
What is the tens digit of 9554?
5
What is the ten thousands digit of 1040057?
4
What is the tens digit of 864744?
4
What is the ten thousands digit of 11977628?
7
What is the hundreds digit of 3174314?
3
What is the tens digit of 4640846?
4
What is the units digit of 1035933?
3
What is the thousands digit of 1079301?
9
What is the ten thousands digit of 6920746?
2
What is the ten thousands digit of 1470331?
7
What is the units digit of 1405864?
4
What is the ten thousands digit of 2959610?
5
What is the ten thousands digit of 1774028?
7
What is the ten thousands digit of 5361764?
6
What is the hundreds digit of 204902?
9
What is the thousands digit of 12723827?
3
What is the hundred thousands digit of 1842304?
8
What is the units digit of 2056300?
0
What is the units digit of 15075924?
4
What is the units digit of 2039954?
4
What is the ten thousands digit of 1507143?
0
What is the tens digit of 10184116?
1
What is the units digit of 3829030?
0
What is the millions digit of 1319626?
1
What is the hundred thousands digit of 103116?
1
What is the millions digit of 9133296?
9
What is the units digit of 513654?
4
What is the tens digit of 5694522?
2
What is the thousands digit of 11596?
1
What is the hundred thousands digit of 688985?
6
What is the tens digit of 267370?
7
What is the units digit of 1950817?
7
What is the millions digit of 2960502?
2
What is the ten millions digit of 16435829?
1
What is the ten millions digit of 26721445?
2
What is the units digit of 2660754?
4
What is the ten thousands digit of 22056199?
5
What is the hundreds digit of 27668484?
4
What is the millions digit of 2216463?
2
What is the hundred thousands digit of 435829?
4
What is the hundreds digit of 104711?
7
What is the hundred thousands digit of 9364948?
3
What is the tens digit of 86303?
0
What is the thousands digit of 70226?
0
What is the ten thousands digit of 76528?
7
What is the ten thousands digit of 211804?
1
What is the units digit of 251011?
1
What is the units digit of 190279?
9
What is the hundreds digit of 3504688?
6
What is the units digit of 174047?
7
What is the thousands digit of 721041?
1
What is the tens digit of 510277?